and 42?
21
What is the highest common divisor of 10112 and 2212?
316
What is the highest common factor of 12523 and 7?
7
Calculate the greatest common divisor of 390 and 220.
10
What is the highest common factor of 26379 and 27?
27
Calculate the greatest common factor of 14 and 154.
14
What is the highest common divisor of 223 and 5?
1
What is the highest common factor of 25 and 5?
5
What is the greatest common factor of 162 and 72?
18
Calculate the greatest common divisor of 1895 and 7.
1
Calculate the highest common factor of 1350 and 108.
54
Calculate the greatest common factor of 130 and 52.
26
What is the greatest common factor of 24 and 39?
3
Calculate the greatest common factor of 1089 and 18.
9
What is the greatest common factor of 17816 and 153?
17
Calculate the greatest common factor of 14 and 148.
2
Calculate the greatest common factor of 99 and 1463.
11
What is the greatest common factor of 624 and 432?
48
What is the greatest common factor of 190 and 310?
10
What is the greatest common divisor of 12350 and 114?
38
What is the greatest common divisor of 126 and 14?
14
What is the highest common factor of 414 and 92?
46
Calculate the greatest common factor of 78 and 75231.
39
Calculate the greatest common divisor of 2853 and 18.
9
Calculate the highest common divisor of 4898 and 124.
62
Calculate the greatest common factor of 248 and 1085.
31
Calculate the highest common factor of 6 and 14.
2
What is the highest common factor of 63 and 777?
21
Calculate the greatest common divisor of 26 and 338.
26
What is the highest common factor of 176 and 154?
22
What is the greatest common divisor of 1808 and 339?
113
Calculate the greatest common factor of 3264 and 153.
51
Calculate the greatest common factor of 176 and 110.
22
What is the greatest common factor of 40 and 250?
10
What is the highest common divisor of 5265 and 247?
13
What is the highest common divisor of 203 and 119?
7
What is the greatest common factor of 21 and 19677?
21
Calculate the highest common divisor of 370 and 20.
10
Calculate the highest common divisor of 270 and 75.
15
Calculate the greatest common divisor of 88 and 11.
11
Calculate the greatest common divisor of 3653 and 13.
13
What is the greatest common factor of 108 and 378?
54
What is the greatest common factor of 105 and 6?
3
What is the greatest common divisor of 4378 and 88?
22
What is the highest common divisor of 72 and 48?
24
What is the highest common factor of 105 and 165?
15
What is the greatest common factor of 1417 and 403?
13
What is the greatest common factor of 7542 and 180?
18
What is the greatest common divisor of 75 and 2265?
15
What is the greatest common factor of 42 and 12?
6
What is the greatest common divisor of 6 and 426?
6
Calculate the highest common divisor of 11 and 60.
1
What is the greatest common factor of 478 and 10755?
239
What is the highest common divisor of 636 and 4028?
212
Calculate the greatest common divisor of 19434 and 246.
246
Calculate the greatest common divisor of 312 and 24.
24
What is the greatest common factor of 2 and 3334?
2
What is the greatest common divisor of 88 and 13596?
44
Calculate the highest common divisor of 13756 and 76.
76
What is the highest common factor of 13377 and 39?
39
Calculate the greatest common divisor of 52 and 182.
26
Calculate the greatest common factor of 34 and 323.
17
Calculate the highest common factor of 40 and 140.
20
Calculate the highest common factor of 60 and 690.
30
Calculate the greatest common divisor of 216 and 1620.
108
What is the highest common factor of 134 and 19899?
67
Calculate the highest common divisor of 1485 and 55.
55
Calculate the greatest common factor of 1098 and 42.
6
What is the highest common divisor of 3892 and 28?
28
Calculate the greatest common divisor of 87 and 15573.
87
What is the highest common factor of 1417 and 52?
13
What is the greatest common divisor of 56 and 17?
1
Calculate the greatest common factor of 423 and 799.
47
What is the highest common divisor of 2188 and 2?
2
What is the greatest common factor of 481 and 37?
37
What is the greatest common factor of 20 and 380?
20
What is the greatest common divisor of 26 and 338?
26
What is the greatest common divisor of 273 and 26?
13
What is the highest common divisor of 8 and 10?
2
What is the highest common divisor of 30153 and 114?
57
What is the greatest common divisor of 72 and 256?
8
What is the greatest common factor of 1728 and 27?
27
Calculate the greatest common divisor of 1196 and 184.
92
What is the greatest common divisor of 936 and 104?
104
Calculate the greatest common factor of 47 and 141.
47
What is the highest common factor of 22 and 11847?
11
What is the greatest common divisor of 117 and 156?
39
Calculate the highest common factor of 78 and 117.
39
What is the highest common factor of 5376 and 21?
21
Calculate the greatest common factor of 6 and 384.
6
Calculate the highest common factor of 36 and 60.
12
Calculate the greatest common factor of 18 and 1170.
18
Calculate the highest common divisor of 343 and 147.
49
Calculate the greatest common factor of 36 and 936.
36
Calculate the greatest common factor of 118 and 22951.
59
What is the greatest common divisor of 189 and 441?
63
What is the greatest common divisor of 25 and 45?
5
Calculate the greatest common factor of 8 and 106.
2
Calculate the highest common divisor of 6 and 104.
2
Calculate the greatest common factor of 120 and 1420.
20
What is the highest common divisor of 97 and 59461?
97
What is the highest common factor of 299 and 46?
23
Calculate the greatest common factor of 20 and 8.
4
What is the greatest common divisor of 180 and 324?
36
What is the highest common factor of 120 and 100?
20
What is the greatest common divisor of 730 and 40?
10
Calculate the highest common divisor of 266 and 98.
14
Calculate the highest common divisor of 7 and 315.
7
What is the greatest common divisor of 3784 and 430?
86
What is the greatest common divisor of 108 and 2943?
27
What is the highest common divisor of 690 and 24?
6
What is the highest common divisor of 119 and 322?
7
What is the highest common divisor of 219 and 3?
3
Calculate the highest common factor of 91 and 1589.
7
Calculate the greatest common divisor of 6176 and 193.
193
Calculate the highest common factor of 12 and 363.
3
What is the highest common divisor of 1475 and 30680?
295
What is the highest common divisor of 168 and 3472?
56
What is the greatest common factor of 300 and 210?
30
What is the highest common divisor of 1160 and 1015?
145
What is the greatest common divisor of 80 and 135?
5
What is the highest common divisor of 7624 and 8?
8
What is the greatest common factor of 925 and 25?
25
Calculate the highest common factor of 26792 and 272.
136
Calculate the greatest common divisor of 2044 and 140.
28
What is the highest common divisor of 5832 and 24?
24
What is the highest common divisor of 4808 and 88?
8
Calculate the highest common divisor of 95 and 342.
19
What is the highest common factor of 124 and 2821?
31
Calculate the highest common divisor of 297 and 2112.
33
Calculate the greatest common divisor of 360 and 252.
36
What is the highest common divisor of 366 and 6?
6
What is the greatest common divisor of 28 and 98?
14
What is the highest common divisor of 1974 and 63?
21
Calculate the greatest common factor of 24 and 15.
3
What is the highest common divisor of 1168 and 15476?
292
What is the greatest common divisor of 25842 and 292?
146
Calculate the greatest common factor of 152 and 209.
19
Calculate the highest common divisor of 1578 and 6.
6
Calculate the greatest common factor of 3102 and 132.
66
What is the highest common divisor of 21175 and 50?
25
Calculate the greatest common divisor of 473 and 43.
43
Calculate the greatest common factor of 1645 and 35.
35
What is the highest common divisor of 15571 and 23?
23
What is the highest common divisor of 25 and 34575?
25
What is the highest common factor of 862 and 2?
2
What is the greatest common divisor of 198 and 44?
22
Calculate the highest common divisor of 533 and 611.
13
What is the greatest common factor of 16 and 34704?
16
What is the greatest common factor of 315 and 63?
63
Calculate the highest common divisor of 6510 and 102